7*v = 3*o - 97, -4*v + 140 = 4*o. Suppose -7*n = -o + 4. Suppose -n*s = s - 474. What is the tens digit of s?
7
What is the tens digit of -20*(-17)/255 - 58756/(-6)?
9
What is the hundreds digit of 6/(90/126381) - 2/5?
4
Suppose 3*i = s + 15557, 42*s - 39*s = 4*i - 20746. What is the units digit of i?
5
Let s be -187*(-6 + 6 + -11). Suppose l + v = s, -l + 2081 = -9*v + 4*v. What is the units digit of l?
1
Let r(o) = -27*o - 48. Let p be r(2). Let j = 119 - p. What is the hundreds digit of j?
2
Let j(p) = -p**3 - p**2 + p + 1. Let h(v) = -26*v**3 + 6*v**2 - 4*v - 12. Suppose 12*n = 5*n - 7. Let r(w) = n*h(w) - 6*j(w). What is the units digit of r(2)?
8
What is the ten thousands digit of 17910 - (-10 + 9)*7?
1
Let d be (-4)/((-2)/(-4)*(-11 + 10)). Suppose -d*y + 3846 = 286. What is the tens digit of y?
4
Let o(q) = q**2 + 13*q + 16. Let w be o(-12). Suppose -w*m - 1308 = -2*u, 2*u - m - 1305 = 2*m. What is the hundreds digit of u?
6
Suppose 29338 = 12*x + 418. Let w = x + -1333. What is the thousands digit of w?
1
Suppose -21*f = 10*f - 124. Suppose -884 = -f*r - b, -4*b = 3*r - 4*r + 221. What is the tens digit of r?
2
Let f(s) = -477*s + 3225. What is the thousands digit of f(0)?
3
Suppose -25*t = -34*t + 171. Suppose c = -5, 5*d + t*c - 16*c - 2990 = 0. What is the hundreds digit of d?
6
Let k(a) = a**3 + 7*a**2 + 2*a - 2. Suppose -16 = -4*v - 116. Let i = 20 + v. What is the units digit of k(i)?
8
Suppose w - 11864 = -2*q, 2*w + q - 9900 = 13807. What is the hundreds digit of w?
8
Let k = -41 + 48. Let m = k + -3. Suppose -85 = -n - m*s, -2*s = n - 0*n - 77. What is the units digit of n?
9
Suppose 7*f = 3*f + 480. Let u = f + -23. What is the units digit of u?
7
Let d = -536 + 540. Suppose 0 = 14*w - d*w - 10370. What is the hundreds digit of w?
0
Let o(s) = 241*s**3 - 4*s**2 - 47*s + 71. What is the tens digit of o(5)?
6
Let a = 0 - -4. Let d be ((1 - -1) + 2)*6/a. Suppose d*x - x = -2*u + 175, 2*x = -5*u + 406. What is the units digit of u?
0
Suppose -45*k = -47*k. Suppose k = 14*w - 6*w - 3296. What is the units digit of w?
2
Let m(n) = -n**3 - 46*n**2 + 48*n + 77. Let j be m(-47). Let w be 0 - -2 - (3 + -2). What is the units digit of (w - -157) + 10*12/j?
2
Suppose -5371 = -9*m + 4889. Suppose m = -40*h + 55*h. What is the tens digit of h?
7
Suppose 1089 = -6*m + 3*m. What is the units digit of -1 + 0 + 3 + (-4 - m)?
1
Let h = 3948 + 5098. What is the tens digit of h?
4
Let m = 12116 - 5661. Suppose -1919 + m = 6*u. What is the tens digit of u?
5
Suppose 0 = 3*h - 6*h - 24. Let g(d) = -d**3 - 10*d**2 - 12*d + 8. Let j be g(h). What is the hundreds digit of (104/j)/(0 - (-1)/(-33))?
1
Let a(h) = -5*h**3 - 2*h**2 + 9*h - 10. Let g be a(9). Let c = 2116 + g. What is the units digit of 3 + (4/6)/((-9)/c)?
3
Let r = 2327 + 2307. What is the tens digit of r?
3
Let u(i) be the third derivative of 19*i**6/360 + 19*i**5/120 + 11*i**4/8 - 37*i**2. Let v(n) be the second derivative of u(n). What is the tens digit of v(5)?
0
Let c = 59 + -52. Let b(j) = -2*j + c + j**2 - 2*j + 5 - 3. What is the units digit of b(11)?
6
Let y be -15 + 616/42 + (-5695)/(-3). Suppose 12*t + y = 13670. What is the hundreds digit of t?
9
Let c(z) = -657*z - 69. What is the tens digit of c(-9)?
4
Let i be ((-10)/(-5) - -2)/((-1)/(-326)). Suppose 9*u + 1774 = -i. Let l = 574 + u. What is the hundreds digit of l?
2
Let j be ((-4)/(-10))/((-1)/(-40)) + -3. Suppose -j*g = -1745 - 1271. What is the tens digit of g?
3
Let v = 16475 - 16126. What is the hundreds digit of v?
3
Suppose 0 = -12*d - 3649 - 2507. Let t be 1 - -2*1/2. What is the tens digit of (-2)/(t + (-5)/((-1275)/d))?
7
Let t(h) be the first derivative of -3*h**2 - 68*h - 38. What is the units digit of t(-12)?
4
Suppose h = 5*k + 3698, -1 + 29 = 7*k. What is the tens digit of h?
1
Suppose 85663 = 4*b + 3*b - 64746. What is the units digit of b?
7
Suppose -53562 = -14*h + 106080. What is the hundreds digit of h?
4
Let w = -57 + 155. Let q = 45 + w. Suppose 5*y - 4*y - 2*p = 32, 4*y - 5*p - q = 0. What is the tens digit of y?
4
Suppose 0*h - 1008 = 2*h. Let r = -145 - h. What is the tens digit of r?
5
Suppose -2*z + 2*n = -80600, -5*z - n = 5067 - 206549. What is the thousands digit of z?
0
Suppose 2 = 2*k, 0 = -3*l - k + 48292 - 7215. What is the thousands digit of l?
3
Let p = 634 + 656. What is the hundreds digit of (-1)/2 - p/(-4)?
3
Let g = -211 + 314. Suppose j - 101 + g = 0. What is the units digit of ((-938)/(-9) - -7) + j/9?
1
Suppose 36647 + 18905 = 4*y. Suppose 35*b - 7*b - y = 0. What is the units digit of b?
6
Let g(h) = -17*h**2 + 23 - 3*h + 61*h**2 - 25*h**2. What is the tens digit of g(6)?
8
What is the units digit of 7761*(4 + -3) - -14?
5
Suppose -2*p + 1 = -3*q + 7, 5*q = -3*p + 10. Suppose -3*f - f + 4*c = p, f = -3*c. What is the tens digit of 120/(-3)*(0 + -4 + f)?
6
Suppose 5*s - 20 = 0, -x + 3*x + 8 = 4*s. Suppose 2*u - z = 1202, 366 + 1426 = 3*u + x*z. What is the tens digit of u?
0
Suppose -4*z = -12, 4*q + z - 1 - 10 = 0. Suppose 687 = v + q*k, -3*k - 5 + 17 = 0. What is the hundreds digit of v?
6
Suppose 18999 = -0*b + 3*b + 4*z, 2*z + 25288 = 4*b. What is the hundreds digit of b?
3
Suppose -3*r = 4*n + 17, 2*r + 2*n = -22 + 12. What is the tens digit of ((-13)/r)/(31/3999)?
5
Suppose -309233 = -48*j + 9775. What is the units digit of j?
6
Let y = -2225 + 3849. What is the tens digit of y?
2
Let m = 345 - 347. What is the units digit of -1 + -1 + (m - (-672 + 3))?
5
Suppose -4470 = -3*w - 3*w. Suppose -5*n - m + 938 = 0, -w = -4*n + 5*m - 4*m. What is the hundreds digit of n?
1
Let v(a) = -a**3 - 3*a**2 + 27*a - 2. Let u be v(-7). Suppose 0 = b - x - 486, u = -3*x - 4. What is the hundreds digit of b?
4
Suppose -27*m + 169018 = -0*m - 65855. What is the units digit of m?
9
Suppose -4*b + 113*p - 115*p = -68, -4*b = 3*p - 70. Suppose 29 - 5 = -4*z. Let y = z + b. What is the units digit of y?
0
Suppose -12881 = -3*f - 2*m, 54*f - 5*m = 49*f + 21435. What is the hundreds digit of f?
2
Suppose 0 = -4*b - 2*q + 28806, -3*q + 13549 = 5*b - 22456. What is the units digit of b?
4
Let z = -234 - -208. What is the tens digit of -20*3*z/6?
6
Let t be (-23 - -25) + -2 + -1 + 3. Suppose -t*h - 2*u = -698, 2*u + 258 = 2*h - 440. What is the tens digit of h?
4
Let p(k) = -3*k - 5. Let i(y) = 2*y + 3. Let t(x) = -9*i(x) - 4*p(x). Let w be t(-8). What is the units digit of w + 0 - (3 + 2)?
6
Suppose -3*r - 2*p + 73173 = 0, -187*r + 5*p = -186*r - 24408. What is the units digit of r?
3
Suppose 124*w + 32*w = 29*w + 3580638. What is the ten thousands digit of w?
2
Let f be 244*1*(1 + 0). Let x(u) = -82*u + 92. Let w be x(3). Let m = w + f. What is the units digit of m?
0
Suppose d - 3*f - 18243 = 0, -5*f - 230 = -210. What is the hundreds digit of d?
2
Let h be 4/6*(-2 + 28/8). Let r(s) = 6*s**3 + 4*s**2 - 5*s + 3. Let n be r(h). Suppose 2*z = 4*d - 28, -5*z = -7*z + n. What is the units digit of d?
9
Let g = -85190 - -161865. What is the tens digit of g?
7
Let y = 5797 - -4093. What is the tens digit of y?
9
Suppose 0 = -14*p - 4*p + 104236 + 236918. What is the ten thousands digit of p?
1
Let d = 33890 + -10487. What is the tens digit of d?
0
Let b(r) = 75*r**3 - r**2 + 39*r - 263. What is the thousands digit of b(6)?
6
What is the hundreds digit of (-11 - (-475)/38)/(156278/78136 - 2)?
5
Let d(p) = 10*p - 25. Let c be d(4). What is the tens digit of 5387/c + 9 - 4/30?
6
Suppose -2*w + 4*w = w. Suppose -4*o = 0, -z + 2 = -w*o + o. Suppose 0 = -9*f - z*f + 715. What is the units digit of f?
5
Let f be 11/(33/6) + 70/2. Suppose f = 4*w + 33. What is the hundreds digit of w/(-4) + (-5993)/(-52)?
1
Suppose 3*x = 2*o - 0 - 2, 2*o = -2*x + 12. Let c be (-6 + x + -98)*1. Let a = -46 - c. What is the units digit of a?
6
Let d(r) = -3*r**3 - 2*r**2 - 2*r - 381. Let w(m) = -10*m**3 - 6*m**2 - 6*m - 1144. Let c(y) = -16*d(y) + 5*w(y). What is the tens digit of c(0)?
7
Suppose 0 = 64*u + 8704 - 91072. What is the units digit of u?
7
Let k = 589 - 586. Suppose -3*n - 2*n + 65 = -5*f, 0 = k*n - 5*f - 41. What is the tens digit of n?
1
Let l(t) = t**2 + 5*t - 33. Suppose 0 = -4*k + 3*v + 54, -2*v = 4*k - 4*v - 56. What is the units digit of l(k)?
7
Let x be ((-3)/(-3))/(-1 + 280/278). Suppose -3*b + 6*b = 201. L